9, what is 0 - -55?
55
In base 8, what is 0 + -146?
-146
In base 7, what is 325 + 3?
331
In base 6, what is -4 - 213?
-221
In base 10, what is 14677 + -5?
14672
In base 13, what is -12 - 111?
-123
In base 4, what is -13 - -1103?
1030
In base 2, what is 1001 - 101011101?
-101010100
In base 4, what is -203 + -31?
-300
In base 3, what is -111 - 220012?
-220200
In base 11, what is -9 + -19?
-27
In base 16, what is 1 - 7c?
-7b
In base 10, what is 5 - -6331?
6336
In base 13, what is -16 + -51?
-67
In base 13, what is 2b + 0?
2b
In base 10, what is -190 + -64?
-254
In base 7, what is 10 - -5?
15
In base 10, what is 360 + -11?
349
In base 4, what is -3 - 0?
-3
In base 9, what is -23 - 17?
-41
In base 4, what is 100200 + -10?
100130
In base 14, what is -1b - -ab?
90
In base 2, what is -101101011111 + -11?
-101101100010
In base 2, what is -1001 - 10111?
-100000
In base 8, what is 570 + 1?
571
In base 16, what is 201 - 9?
1f8
In base 5, what is 104 - 12?
42
In base 13, what is -161 + 3?
-15b
In base 6, what is -215 + -10?
-225
In base 16, what is -5 - 63?
-68
In base 9, what is 6603 - 1?
6602
In base 6, what is 2125 + -5?
2120
In base 9, what is 3 - 26?
-23
In base 15, what is 4 - 2ec?
-2e8
In base 7, what is 11 + 6?
20
In base 12, what is 1 + -b6?
-b5
In base 11, what is -272 + 7?
-266
In base 4, what is -21 + 130110?
130023
In base 16, what is -11 - 1b0?
-1c1
In base 6, what is 15 - -1345?
1404
In base 14, what is -126c + 0?
-126c
In base 3, what is -2010 + -101?
-2111
In base 13, what is 7 - 26c?
-265
In base 14, what is -7c - 3?
-81
In base 12, what is -29 - -5?
-24
In base 4, what is -212 + 13123?
12311
In base 16, what is 1 + 0?
1
In base 14, what is -24 - -3?
-21
In base 12, what is -22 + -7?
-29
In base 4, what is 33202 - -101?
33303
In base 13, what is 4 + -22?
-1b
In base 12, what is b - -278?
287
In base 9, what is 7348 + -3?
7345
In base 9, what is -56 - 15?
-72
In base 15, what is -5 + 28?
23
In base 3, what is 202 + -21212?
-21010
In base 9, what is -5 + -142?
-147
In base 2, what is 10 - -1011110?
1100000
In base 15, what is 4 - 1d?
-19
In base 7, what is 4 + -22?
-15
In base 15, what is d64 - 3?
d61
In base 14, what is -4 + 70?
6a
In base 7, what is 5046 + 11?
5060
In base 2, what is 101 - -110101101?
110110010
In base 13, what is 5 - 13?
-b
In base 13, what is 22 + -1?
21
In base 14, what is 226c - 0?
226c
In base 3, what is -10 + -1220110?
-1220120
In base 10, what is 48494 - 3?
48491
In base 2, what is 100010000000 + 0?
100010000000
In base 5, what is 0 + -1013?
-1013
In base 12, what is 4 - 5?
-1
In base 15, what is 78 - -3?
7b
In base 8, what is 323 - -5?
330
In base 9, what is 48 - -4?
53
In base 14, what is -4 + -15?
-19
In base 7, what is 10 + -531?
-521
In base 4, what is -2203 + 1?
-2202
In base 13, what is 6 - -1?
7
In base 13, what is -24 - 6?
-2a
In base 16, what is 2 + de?
e0
In base 10, what is 4 + 11?
15
In base 4, what is 1000333 - 0?
1000333
In base 16, what is a + -2d?
-23
In base 16, what is 23 + -d?
16
In base 3, what is -100012 - -10?
-100002
In base 10, what is -50 + 60?
10
In base 4, what is 0 + -10221?
-10221
In base 16, what is 4 + 2756?
275a
In base 13, what is -80 + 9?
-74
In base 7, what is 3006 - 4?
3002
In base 6, what is -4 - -5133?
5125
In base 15, what is 8 - 5a?
-52
In base 10, what is 0 - -50?
50
In base 8, what is 14 - -12?
26
In base 14, what is 173 - 27?
14a
In base 7, what is -21 + 4?
-14
In base 5, what is -24 - -11?
-13
In base 5, what is 401 - -4?
410
In base 5, what is -33 + -1?
-34
In base 15, what is -10 - 27?
-37
In base 2, what is 111 + -10001?
-1010
In base 6, what is 25 + 1445?
1514
In base 8, what is 5074 - 0?
5074
In base 15, what is -9 - -a3?
99
In base 7, what is -11 - 103?
-114
In base 7, what is -11065 + -2?
-11100
In base 4, what is 21321 + 10?
21331
In base 6, what is -302114 + 1?
-302113
In base 8, what is 337 - 6?
331
In base 7, what is -2 + 12126?
12124
In base 11, what is 256 - -2?
258
In base 9, what is 446 + -11?
435
In base 13, what is -234c + 1?
-234b
In base 14, what is -1 - 8?
-9
In base 10, what is -161 - -3?
-158
In base 10, what is 18 - 13?
5
In base 11, what is -8 - 41?
-49
In base 14, what is d2 + 2a?
11c
In base 10, what is -3008 - -4?
-3004
In base 9, what is 14504 + 1?
14505
In base 5, what is 2434 + -23?
2411
In base 2, what is 110110000 + 0?
110110000
In base 14, what is -117 - 94?
-1ab
In base 10, what is 1 + 4984?
4985
In base 7, what is -4 - 40?
-44
In base 8, what is 7 + 36?
45
In base 2, what is 100010101111 - 101?
100010101010
In base 14, what is -37 - 5?
-3c
In base 11, what is 16 - 77?
-61
In base 8, what is 13401 - 1?
13400
In base 16, what is -5 - -37?
32
In base 3, what is -11 + 22100100?
22100012
In base 15, what is -4c - aa?
-107
In base 3, what is -101 + -2?
-110
In base 16, what is -27 - 10?
-37
In base 5, what is 1 - -110?
111
In base 14, what is 52 - 8?
48
In base 6, what is 2414 - 2?
2412
In base 12, what is -5 + 5b?
56
In base 3, what is -122 + 20?
-102
In base 6, what is -5 - 10343?
-10352
In base 9, what is 6 - 1417?
-1411
In base 11, what is 4 + -161a?
-1616
In base 13, what is -5 - 25?
-2a
In base 9, what is 133 - 17?
115
In base 11, what is 1150 - -3?
1153
In base 14, what is 184 + 0?
184
In base 2, what is 101 + 1011101?
1100010
In base 13, what is 3 - 1c?
-19
In base 9, what is 66 - -23?
100
In base 11, what is 4 - 254?
-250
In base 15, what is -2b56 - 2?
-2b58
In base 4, what is -23310 - 11?
-23321
In base 6, what is -4 + 154?
150
In base 11, what is 2 - 9?
-7
In base 11, what is -1a + 189?
16a
In base 12, what is 7 + 1152?
1159
In base 11, what is 548 - -4?
551
In base 9, what is 3 + -101?
-87
In base 15, what is -1 - 96?
-97
In base 7, what is -23 - -13?
-10
In base 6, what is -12253 - -3?
-12250
In base 16, what is 231 + -a?
227
In base 4, what is -10 - 2302?
-2312
In base 2, what is 100111010 + 10100?
101001110
In base 8, what is -13542 - 0?
-13542
In base 8, what is -4274 + -3?
-4277
In base 2, what is 0 - 101000101010?
-101000101010
In base 13, what is -4 + 1821?
181a
In base 4, what is 3000 - 3?
2331
In base 12, what is -4b5 - 2?
-4b7
In base 4, what is 2112 + -10?
2102
In base 14, what is 4 - 55?
-51
In base 3, what is -220 + 122?
-21
In base 10, what is 144 + 54?
198
In base 13, what is 19 - -9?
25
In base 14, what is 5 + -ac?
-a7
In base 10, what is 19 - 1?
18
In base 15, what is 0 - 863?
-863
In base 2, what is -1100111110100101 - 1?
-1100111110100110
In base 4, what is 22213 + 0?
22213
In base 4, what is -1021111 - 12?
-1021123
In base 4, what is 31 - -1322?
2013
In base 9, what is 25 - 1?
24
In base 14, what is -2c + 22?
-a
In base 10, what is 25 - -4?
29
In base 10, what is 851 + 3?
854
In base 6, what is 100221 + -3?
100214
In base 4, what is -200 - 1030?
-1230
In base 6, what is 2 + 111?
113
In base 9, what is -388 - -1?
-387
In base 10, what is -2 - 605?
-607
In base 6, what is -5 + -10503?
-10512
In base 14, what is -3 - 56?
-59
In base 8, what is -2054 - -5?
-2047
In base 3, what is 1022002 - -11?
1022020
In base 5, what is 4 + 122?
131
In base 8, what is 122 + -3?
117
In base 15, what is 41 - 5?
3b
In base 15, what is ac + 2?
ae
In base 7, what is 15 - 1422?
-1404
In base 6, what is -22 + 12?
-10
In base 15, what is -7 - d?
-15
In base 8, what is 23 - -554?
577
In base 2, what is -1100 - -11110100111?
11110011011
In base 16, what is d - -1d?
2a
In base 4, what is 22210 - 0?
22210
In base 16, what is -21 - 8?
-29
In base 7, what is 5 + -3?
2
In base 7, what is 1216 + -3?
1213
In base 14, what is -1 + 2?
1
In base 3, what is -102121 + 2?
-102112
In base 4, what is -3 + -12203?
-12212
In base 14, what is 3 + 26?
29
In base 8, what is 22712 - 3?
22707
In base 8, what is 4 + -26?
-22
In base 10, what is 3 - -461?
464
In base 16, what is -a - 10?
-1a
In base 3, what is 1110 - -12?
1122
In base 6, what is 54 + -1?
53
In base 6, what is -51 + 24?
-23
In base 8, what is 5 + -54?
-47
In base 6, what is -4 + 331?
323
In base 3, what is 0 + 1?
1
In base 2, what is 100 + -11100101?
-11100001
In base 13, what is -1c0 + -4?
-1c4
In base 10, what is -583 - -5?
-578
In base 12, what is 4 - -30?
34
In base 13, what is -4 - -39?
35
In base 11, what is -9 - 33?
-41
In base 6, what is -5 - -51202?
51153
In base 11, what is -11 + -1